se -4*u + 28 = -4*d, 2*u - 4*u + 4*d + 8 = 0. Let f = u - 27. Let a = -24 - f. Let x(o) = 2*o + 9. Determine x(a).
-5
Suppose 5*u - 20 - 35 = 0. Let j(l) = -1 - 21*l**2 - u*l + 5*l + 19*l**2. What is j(-5)?
-21
Let x(i) = i**3 - 4*i**2 - 6*i - 1. Let r(v) = -v**2 - 5*v + 17. Let m be r(-7). Let w(c) = c**3 - c. Let l(n) = m*w(n) - x(n). Determine l(-2).
-5
Let c(y) = -y**3 + 3*y**2 + 6*y - 6. Suppose -2*m - 22 = -5*s, -2*s + 4 = -0*s + 4*m. Determine c(s).
2
Let i(w) = 0*w + w - 61 + 4*w**2 - 3*w + w**3 + 59. Give i(-3).
13
Let u(q) be the third derivative of 0 + 1/6*q**3 - 7*q**2 + 0*q - 1/24*q**4. Let z(l) = l**2 + 6*l + 2. Let h be z(-5). Give u(h).
4
Let s(w) be the second derivative of -w**4/12 - 8*w**3/3 - 11*w**2 + 509*w. Give s(-14).
6
Let d(w) = -w**2 - 2*w - 2. Let j be d(-4). Let l(y) = 34 + 3*y**2 - 10*y - 4*y**2 - 23 - 23. Give l(j).
-12
Let m(f) = 43*f**2 + 2*f + 6. Let z(s) = -54*s**2 - 3*s - 7. Let q(g) = 5*m(g) + 4*z(g). Let o be (2/(-6))/(2/(-18)). Determine q(o).
-13
Let k(q) = 8*q + 2*q - 2 + q - 9*q. Suppose -a + 0*a - 4*o = -24, -2*a = -o - 12. What is k(a)?
14
Let r(y) = -2*y**2 - 3 - 3*y**2 + 4*y**2 + 3*y. Let w(s) = -3*s**2 + 6*s - 7. Let b be (-24)/7 + 12/(-21). Let z(i) = b*w(i) + 9*r(i). What is z(-2)?
7
Suppose 5*x = 4*a + 23 + 17, 3*x + 3*a = -3. Suppose 5*k = x*l - 32, 2*k + 4*l - 16 = 3*k. Let s be 5 + 0*k/12. Let h(n) = 4*n - 7. Determine h(s).
13
Let q(s) = -2*s**2 - 53*s - 20. Let r be q(-26). Let p(c) = -2*c + 2. Determine p(r).
-10
Suppose 2*h - 3*g = 18, -h + 4*g = -g - 16. Let j(w) = -4*w - 3. Determine j(h).
-27
Let y(h) = -h**3 - 8*h**2 - 6*h + 10. Let x(l) = -l**2 - l. Let u(v) = -3*x(v) - y(v). Let b be u(-10). Let k(n) = n + 3. Give k(b).
3
Let i(j) = j**3 + 10*j**2 + j + 9. Suppose 3*h = 5*b - 10, -4*b = 13 + 3. What is i(h)?
-1
Suppose -1 = -v - 10. Let p = v + 12. Let c(y) = -3 + 1 - 1 + 0 + 4*y. What is c(p)?
9
Suppose 2*c + 4 = -s - 4*s, -2*s - 4 = 0. Suppose -h + 3*r + c = 10, 0 = 3*h - 3*r + 15. Let v(k) = -k. Calculate v(h).
4
Let o(s) = 70*s + 0*s**2 + s**2 - 27*s - 49*s - 14. What is o(8)?
2
Suppose 0 = -9*a + 12*a - 126. Let k(o) = 3*o**3 - a - 5*o**3 + o**3 + 41 - o**2 + 2*o. Determine k(1).
-1
Let u be (-1 + 1 - 6)*(-5)/10. Let v(g) = g**3 - 2*g**2 - 4*g. Give v(u).
-3
Let a(c) = c**2 + 13*c - 5. Let b be a(-6). Let n = b + 47. Let t(g) be the third derivative of g**5/60 - g**4/24 - 7*g**3/6 - 2*g**2. Determine t(n).
-7
Let x(w) = w**3 + 8*w**2 + w + 6. Let o be x(-8). Let c(s) be the second derivative of 2*s**3/3 + s**2 + 20*s + 2. What is c(o)?
-6
Let m(p) = -p**2 - 3*p + 5. Suppose 0 = 5*k + 20, -3*n - 8 = -5*n - 5*k. Let w(y) = 3*y - 46. Let l be w(n). Calculate m(l).
1
Let n(r) = 2*r**2 + 2*r - 49. Let d be n(5). Let j(s) = s**2 - 10*s - 9. Give j(d).
2
Let n(u) be the third derivative of -6*u**2 + 1/30*u**5 - 1/3*u**4 + 1/2*u**3 + 0*u + 0. Calculate n(5).
13
Let m(u) = 3*u - 7. Let v(z) = 1 + 4 + 3 - 4*z. Let l be ((-18)/(-45))/((-2)/(-10)). Let j(i) = l*v(i) + 3*m(i). Calculate j(5).
0
Suppose 3*c - 3*q - 21 = 0, 12*q - 26 = -5*c + 14*q. Let z(g) be the first derivative of 1/4*g**4 - c*g + 8 - 3/2*g**2 - 4/3*g**3. What is z(5)?
6
Let t(g) be the first derivative of g**3/3 + 4*g**2 + 9*g + 454. Give t(-6).
-3
Suppose 0*u + 3*u - 21 = -y, -4*y = -3*u + 21. Let j(i) = 5 - u + i + i**2 - 8*i - 6. What is j(7)?
-8
Suppose -2*p - 8 = 0, -l - 2*l - 16 = 4*p. Let r = 2 - l. Suppose -3*v + 1 = -r*v - 2*s, -5*v + 2*s = 11. Let a(y) = -y**3 - y**2 + 3*y + 3. Determine a(v).
12
Let r(h) be the third derivative of h**5/60 + h**4/24 + h**3/6 - 25*h**2. Suppose 4*i + b - 2*b = 0, 4*b - 14 = 2*i. Let v = i - -1. What is r(v)?
7
Let c(y) = -y**3 - 5*y**2 + 1. Let t(j) = -2*j**3 - 11*j**2 - 2*j + 24. Let d(h) = 3*c(h) - t(h). What is d(-5)?
-6
Let z(m) = -9*m**3 - 2*m**2 + 1. Let q = 714 + -713. Give z(q).
-10
Let u(k) = -1 + 4 + 7*k - 4*k. Let q(i) = 2*i - 3. Suppose 3*l + 0*l + 10 = -2*w, 5*w = -5*l - 25. Let t be q(l). What is u(t)?
-6
Let w(j) be the second derivative of -j**5/20 + j**4/3 - 5*j**3/6 + 3*j**2 + 139*j. Determine w(4).
-14
Let a(z) be the first derivative of 1/2*z**2 - 2*z - 1/3*z**3 - 13. Give a(2).
-4
Let m = -1 - 11. Let n(b) = -b - 4. Calculate n(m).
8
Let y be 10/25 + (-23)/(-5). Let v(i) = -i**2 + 3*i - 2. What is v(y)?
-12
Let i(d) be the first derivative of -d**2/2 + 16. Determine i(-6).
6
Let k(q) = -q + 2. Let g = -61 - -69. Suppose -3*m - 4*u = -16, 5*u + 5 = 2*m + 2. Suppose 5*d - w = -15, 5*w + g + 4 = -m*d. Calculate k(d).
5
Let c(q) = 2*q + 2. Let l(k) = 3*k + 1. Let j(f) = -4*c(f) + 3*l(f). Suppose 78 = -3*u + u. Let g = 43 + u. What is j(g)?
-1
Let g(n) be the second derivative of -n**3/3 - n**2/2 + n. Suppose 3*s + 421 = 418. Calculate g(s).
1
Suppose -2*o + 5*h - 12 = 0, 2*o = -2*o - 4*h + 4. Suppose -2*i = 3*x + 8, -2*x - i - 14 = -4*i. Let u = x - o. Let j(r) = -r**2 - 2*r - 4. Determine j(u).
-7
Let q(f) = -6*f + 1. Let v be 1/(-1 + -54*(-3)/156). Suppose -2*i - 5*x = 16, 5*i - 5*x = 2*i + v. What is q(i)?
-11
Let w = -2393 - -2387. Let t(p) = p**3 + 6*p**2 - 2*p + 12. What is t(w)?
24
Let z(u) = u**3 - 5*u**2 - 6. Let j = 31 - 28. Suppose -g = j*g - 20. Suppose 4*f = -y + 25, 0 = y - 2*f + g. Calculate z(y).
-6
Let x = 14 + -12. Suppose -3*t - 1 = x. Let u(s) = -11*s - 1. Let p(h) = -h. Let n(a) = -4*p(a) + u(a). Calculate n(t).
6
Let q be 7/(-3)*144/(-168). Let a(p) be the first derivative of 5 - 1/2*p**4 + p - 1/2*p**q - 1/3*p**3. Determine a(1).
-3
Suppose -2*o - 66 = -13*o. Let r(s) = -s + 12. Calculate r(o).
6
Let y(s) be the first derivative of -s**4/12 + 7*s**3/6 - 5*s**2 + 4*s - 18. Let l(m) be the first derivative of y(m). Calculate l(7).
-10
Let t(q) = 13*q**2 - 7*q + 1. Let g(v) = -11*v**2 + 7*v - 1. Let x(o) = 7*g(o) + 6*t(o). Suppose -4*f - 15 = 3*b - f, -5*f = -2*b - 17. Give x(b).
-7
Let w(g) = -g - 9. Let o be 2/(2*2/12). Suppose -m + 20 = -o*m. Give w(m).
-5
Suppose -3*q = 16*q - 38. Let p(a) be the first derivative of 1/3*a**3 + 4 - 5/2*a**q - 7*a. Determine p(5).
-7
Suppose 2*p - 3 = 1. Let x(n) be the first derivative of 2 - 2*n + 1 + 2*n**2 - 2. Determine x(p).
6
Let w(h) = -598*h**2 - 6*h + 1199*h**2 + 8 - 599*h**2. What is w(6)?
44
Let t(z) = -3*z**2 + 3*z - 3. Let i(n) = -n**2 + n - 1. Let j(o) = o**3 - 7*o**2 + 3*o + 12. Let b be j(6). Let a(c) = b*t(c) + 17*i(c). Give a(3).
7
Let l(c) be the first derivative of -c**2 - 6*c + 1. Let v be ((-15)/(-30))/(2/(-20)). Calculate l(v).
4
Let m(z) = -z**3 + 3*z + 3*z**2 + 6 - 8*z**2 + 3*z. Let f = 506 + -511. Determine m(f).
-24
Suppose -2*i + 8 + 1 = p, 5*p = -2*i + 13. Let q(b) = b**2 - 5*b + 4. Calculate q(i).
0
Let b be (-4)/(-4) - (0 - 1). Suppose 0 = q - 5*j - b, -6*q - 3*j + 10 = -q. Let p(h) = 4*h - 1 + 2 - q. Calculate p(2).
7
Let s(a) be the second derivative of 1/6*a**3 + 2*a**2 + 0 + 1/4*a**4 - 1/20*a**5 - 7*a. Suppose -2*o = -0*f - f - 6, 0 = 5*o + 5*f - 15. Determine s(o).
7
Let b(v) = v**3 - 8*v**2 + 7*v + 3. Let s(l) = l**3 + 17*l**2 - 16*l + 26. Let w be s(-18). Let h = 5 - -12. Let g = w + h. Give b(g).
3
Let y be (-6 + 5)*-1*0/2. Let v(b) = 4 - 4 - 8*b + y. Determine v(2).
-16
Let j = -5 - -2. Let b(f) = 5*f**2 + 3*f + 10 + 6 + 14 - 34. Let g(z) = 11*z**2 + 7*z - 9. Let w(y) = -13*b(y) + 6*g(y). Determine w(j).
-2
Let s(r) = 6*r + 95. Let a(v) = 8*v + 122. Let k(l) = -7*a(l) + 9*s(l). Suppose 12 = -7*o + 3*o. What is k(o)?
7
Let j(x) = x**3 - x**2 - x + 6. Suppose 0 = -2*f - 5 - 7. Let u be 4/f - (-4)/6. Let o = 0 - u. Give j(o).
6
Suppose 2*y + 5*s + 17 = 0, -y - 3*s + 2*s = 16. Let h(i) = -i**2 - 20*i + 22. Determine h(y).
1
Let s(k) = 2*k**2 - 9*k - 3. Let o = -86 + 88. Let w be 5*(-2)/o*-1. Determine s(w).
2
Let k(d) = -5*d. Suppose -r + 172 = 3*r. Let a = -28 + r. Suppose a = 4*h + h + 4*u, -2*u + 10 = 0. Calculate k(h).
5
Let d(p) = 306*p**2 + 310*p**2 + 3 - 926*p**2 + 311*p**2 - 6*p. Let a(n) = -n**2 + 5*n + 3. Let s be a(4). What is d(s)?
10
Let p be 8*(-1 + 5/4). Suppose 2*d = 2*m - 0 - 12, 5*m = -p*d + 23. Let q(v) = -v + v + v - m. Determine q(4).
-1
Let h(n) = -4*n**2 - 3*n**2 + 3 - 2*n - 2. Let y(l) = -12*l - 11. Let w be y(-1). Determine h(w).
-8
Let d(n) = -4*n + 3. Suppose -2*a - 11 = 31. Let l = a + 12. Let w(z) = z**2 + 9*z + 2. Let i be w(l). What is